 21932 is divided by 434.
232
What is the remainder when 24523 is divided by 37?
29
What is the remainder when 1516 is divided by 1512?
4
What is the remainder when 8520 is divided by 96?
72
Calculate the remainder when 122874 is divided by 11169.
15
What is the remainder when 64407 is divided by 46?
7
Calculate the remainder when 191795 is divided by 761.
23
What is the remainder when 600 is divided by 225?
150
Calculate the remainder when 22143 is divided by 915.
183
Calculate the remainder when 6303 is divided by 307.
163
Calculate the remainder when 407908 is divided by 10.
8
What is the remainder when 197035 is divided by 3?
1
Calculate the remainder when 47526 is divided by 11.
6
What is the remainder when 18866 is divided by 6254?
104
What is the remainder when 850 is divided by 401?
48
Calculate the remainder when 54142 is divided by 88.
22
Calculate the remainder when 1818 is divided by 1711.
107
What is the remainder when 13713 is divided by 140?
133
What is the remainder when 702038 is divided by 2396?
10
Calculate the remainder when 7850 is divided by 1949.
54
Calculate the remainder when 195190 is divided by 3098.
16
Calculate the remainder when 6419 is divided by 87.
68
Calculate the remainder when 8951 is divided by 532.
439
What is the remainder when 31048 is divided by 1207?
873
What is the remainder when 5639 is divided by 9?
5
Calculate the remainder when 42341 is divided by 472.
333
Calculate the remainder when 8479 is divided by 499.
495
What is the remainder when 1169085 is divided by 24?
21
Calculate the remainder when 50480 is divided by 1010.
990
What is the remainder when 5184 is divided by 57?
54
Calculate the remainder when 2572 is divided by 842.
46
Calculate the remainder when 13578 is divided by 121.
26
What is the remainder when 267284 is divided by 133615?
54
What is the remainder when 67270 is divided by 3737?
4
What is the remainder when 2070 is divided by 301?
264
Calculate the remainder when 14745 is divided by 3684.
9
Calculate the remainder when 104191 is divided by 34720.
31
Calculate the remainder when 1869 is divided by 832.
205
What is the remainder when 170594 is divided by 25?
19
What is the remainder when 2392881 is divided by 234?
231
What is the remainder when 260308 is divided by 260294?
14
What is the remainder when 32150 is divided by 15970?
210
What is the remainder when 175152 is divided by 14?
12
Calculate the remainder when 16406 is divided by 14.
12
Calculate the remainder when 13480 is divided by 25.
5
Calculate the remainder when 2212 is divided by 189.
133
Calculate the remainder when 65204 is divided by 539.
524
What is the remainder when 125 is divided by 41?
2
What is the remainder when 17721 is divided by 119?
109
Calculate the remainder when 8507099 is divided by 175.
174
Calculate the remainder when 5974 is divided by 663.
7
What is the remainder when 100775 is divided by 106?
75
Calculate the remainder when 56065 is divided by 10.
5
Calculate the remainder when 5157 is divided by 2330.
497
What is the remainder when 66939 is divided by 218?
13
What is the remainder when 7903 is divided by 51?
49
Calculate the remainder when 19009 is divided by 247.
237
What is the remainder when 402 is divided by 169?
64
Calculate the remainder when 349887 is divided by 7.
6
Calculate the remainder when 51325 is divided by 36.
25
What is the remainder when 3506 is divided by 872?
18
Calculate the remainder when 12513 is divided by 369.
336
What is the remainder when 4413 is divided by 13?
6
Calculate the remainder when 3193 is divided by 2021.
1172
What is the remainder when 2314748 is divided by 19?
16
What is the remainder when 81063 is divided by 159?
132
What is the remainder when 470305 is divided by 61?
56
Calculate the remainder when 54678 is divided by 194.
164
What is the remainder when 7826 is divided by 2604?
14
What is the remainder when 12977 is divided by 4297?
86
What is the remainder when 1220 is divided by 98?
44
What is the remainder when 728363 is divided by 95?
93
What is the remainder when 773546 is divided by 1910?
1906
What is the remainder when 9967141 is divided by 1186?
1183
What is the remainder when 4933 is divided by 136?
37
Calculate the remainder when 9630 is divided by 14.
12
Calculate the remainder when 19047 is divided by 347.
309
Calculate the remainder when 386630 is divided by 7.
6
Calculate the remainder when 4007 is divided by 207.
74
Calculate the remainder when 48333 is divided by 12080.
13
What is the remainder when 437 is divided by 230?
207
What is the remainder when 959740 is divided by 15?
10
Calculate the remainder when 1522 is divided by 702.
118
What is the remainder when 229041 is divided by 130?
111
What is the remainder when 5432 is divided by 283?
55
What is the remainder when 74601 is divided by 45?
36
Calculate the remainder when 3649 is divided by 1186.
91
What is the remainder when 2993 is divided by 727?
85
Calculate the remainder when 22019 is divided by 14.
11
Calculate the remainder when 122028 is divided by 19.
10
Calculate the remainder when 171190 is divided by 21.
19
What is the remainder when 3431255 is divided by 8?
7
Calculate the remainder when 411617 is divided by 31662.
11
What is the remainder when 124142 is divided by 33?
29
Calculate the remainder when 1583 is divided by 1557.
26
Calculate the remainder when 1735 is divided by 742.
251
What is the remainder when 166357 is divided by 1233?
1135
What is the remainder when 655 is divided by 454?
201
Calculate the remainder when 4981 is divided by 1217.
113
Calculate the remainder when 100001 is divided by 43.
26
Calculate the remainder when 209418 is divided by 2869.
2850
What is the remainder when 442863 is divided by 110711?
19
Calculate the remainder when 12598 is divided by 32.
22
What is the remainder when 3185 is divided by 213?
203
Calculate the remainder when 149155 is divided by 6779.
17
What is the remainder when 57004 is divided by 18?
16
Calculate the remainder when 660286 is divided by 362.
360
What is the remainder when 11092 is divided by 20?
12
What is the remainder when 6616 is divided by 399?
232
Calculate the remainder when 4436 is divided by 317.
315
Calculate the remainder when 1459 is divided by 315.
199
Calculate the remainder when 290751 is divided by 59.
58
Calculate the remainder when 71222 is divided by 193.
5
Calculate the remainder when 24802 is divided by 79.
75
Calculate the remainder when 176102 is divided by 299.
290
Calculate the remainder when 31579 is divided by 162.
151
Calculate the remainder when 5384 is divided by 2692.
0
Calculate the remainder when 396377 is divided by 23316.
5
Calculate the remainder when 56929 is divided by 83.
74
Calculate the remainder when 69425 is divided by 20.
5
What is the remainder when 6004 is divided by 49?
26
Calculate the remainder when 8063 is divided by 3950.
163
Calculate the remainder when 28256 is divided by 471.
467
Calculate the remainder when 123900 is divided by 16.
12
What is the remainder when 1700 is divided by 54?
26
Calculate the remainder when 30243 is divided by 975.
18
Calculate the remainder when 1353 is divided by 225.
3
Calculate the remainder when 53009 is divided by 53006.
3
Calculate the remainder when 448182 is divided by 73.
35
Calculate the remainder when 4797 is divided by 599.
5
What is the remainder when 113779 is divided by 3670?
9
Calculate the remainder when 9438 is divided by 2033.
1306
Calculate the remainder when 6707 is divided by 2746.
1215
What is the remainder when 5247 is divided by 1734?
45
What is the remainder when 46361 is divided by 281?
277
Calculate the remainder when 197036 is divided by 65670.
26
What is the remainder when 64623 is divided by 55?
53
Calculate the remainder when 1676 is divided by 140.
136
Calculate the remainder when 3280 is divided by 616.
200
What is the remainder when 766 is divided by 86?
78
Calculate the remainder when 2621 is divided by 313.
117
What is the remainder when 87084 is divided by 24?
12
What is the remainder when 27505 is divided by 64?
49
What is the remainder when 5740 is divided by 221?
215
Calculate the remainder when 21068 is divided by 257.
251
Calculate the remainder when 150456 is divided by 154.
152
What is 